n + 5*b + 260, 5*b - 90 = -2*n. Let z = -1581 + 1732. Suppose -r = n - z. What are the prime factors of r?
101
Let a be 11/(6/(-96)*-8). Let g(v) = -v**3 - 2*v**2 + 3*v + 3. Let m be g(-3). Suppose a = f - h + 3, -m*f - 2*h = -82. List the prime factors of f.
2, 3
Suppose 0 = -427*w + 7402684 + 1341422. What are the prime factors of w?
2, 3, 3413
Suppose -5*w + 16 = 2*b, 3 = -5*w + 5*b + 33. Suppose -w*h = -2353 + 369. List the prime factors of h.
2, 31
List the prime factors of (-77)/231*-4931*3.
4931
Let s be ((-24)/(-20))/((-6)/(-195)). Suppose 40*d - 2124 = s*d. Suppose -3*z = -15*z + d. What are the prime factors of z?
3, 59
Suppose -130*r = 329929 - 1046908 - 1069481. List the prime factors of r.
2, 6871
Let u(n) = 23*n**2 - 26*n + 36. What are the prime factors of u(-10)?
2, 11, 59
Let n(g) = -g - 6*g + 7*g - 22 + 2*g. Let s be n(13). What are the prime factors of ((-381)/(-12))/((s - 2)/8)?
127
Let x(k) = k**3 - 5*k**2 - 2*k + 10. Let d be x(5). Suppose -3*s + 7 = -2*b, d = -b + 3*s - 6*s + 1. List the prime factors of (35 + 1)/((-6)/(-9)) + b.
2, 13
Suppose -1737447 = -44*b - 280563. List the prime factors of b.
3, 13, 283
Let l be -3 + (1 - -3) + -1. Suppose -j = -v - 2*v + 104, l = -3*v - 15. Let c = j + 331. List the prime factors of c.
2, 53
List the prime factors of ((-507)/(-52))/((-9)/(-2760) - 0).
2, 5, 13, 23
Let n = -505 + 295. Let l = 787 + n. What are the prime factors of l?
577
List the prime factors of 6062 + (5/(-1) - -2) + -4.
5, 7, 173
Suppose 2*z = -229*h + 228*h + 11357, -22717 = -4*z - 3*h. What are the prime factors of z?
7, 811
Suppose 7*q + j + 12 = 10*q, -5*j = -15. Suppose 25 = 4*f - q*p - 1188, 3*f + p = 924. List the prime factors of f.
307
Let i(g) = 2307*g**2 - 46*g + 130. What are the prime factors of i(3)?
5, 7, 593
Let p(o) = -17*o - 54 - 56 + 119. List the prime factors of p(-4).
7, 11
Suppose t + 26 + 66 = -4*p, 0 = 3*t - 4*p + 260. Let n = -16 - t. Suppose 0 = -g + n + 44. What are the prime factors of g?
2, 29
Suppose 0 = -4*g + 2*z + 16, -4*g - 4*z = g - 33. Suppose -4*x + 3403 = -v, g*x + 62*v = 63*v + 4255. What are the prime factors of x?
2, 3, 71
Let x(z) = 703*z**2 - 9. Let i be x(3). Suppose i = 23*c - 145. List the prime factors of c.
281
Let v be 8/(-4)*(-9)/2. Let u(n) = 27*n. List the prime factors of u(v).
3
Let o = 10 - 8. Let s(c) = -4*c + 4*c**2 - o*c + c - 15 + c. What are the prime factors of s(6)?
3, 5, 7
Let a be -1 + (3 - 9 - -3). Let s be (-14)/a*48/42. Suppose 0 = 5*u - 2*u - 5*t - 336, 0 = s*t. List the prime factors of u.
2, 7
Let x be 69*(-8)/96 - 1/4. Let f be 75/27 - x/27. What are the prime factors of 3 - (f - -1) - (1 + -63)?
61
Let b(x) = x + 4. Let u be b(-5). Let t be 1/((-2)/(-244)) - u. Suppose 479 = 4*i + t. List the prime factors of i.
89
Let v(t) = t**2 - 8*t + 1. Suppose 0 = w - 3 - 5. Let y be v(w). List the prime factors of ((-25)/15 + y)*-222.
2, 37
Let l be (1026/8)/(111/5624). Suppose -26*n + l = -8*n. What are the prime factors of n?
19
Suppose c = 3*o + 37648, -c + 5*c - 4*o = 150568. List the prime factors of c.
7, 19, 283
Suppose -2*d + 2*f = -12, f + 26 = 3*d - 4*f. Suppose -46 = d*q - o + 5, -o = 3*q + 79. Let u = q - -139. List the prime factors of u.
113
Let m = -107 + 426. What are the prime factors of m?
11, 29
List the prime factors of (-12 + 8)*20055/(-12).
5, 7, 191
Let w(v) = 21*v**2 - 52*v - 361. List the prime factors of w(42).
34499
Let k be 16 - 6/(-4)*30/(-9). Let a(h) = 18*h - 88. List the prime factors of a(k).
2, 5, 11
Let j(s) = -s - 8. Let l be j(-10). Suppose -5*h - 5 = 0, 0*o - 685 = l*o + h. List the prime factors of o/(-8) - (9/4)/3.
2, 3, 7
Suppose 0 = f + 2*u - 150, -3*u + 726 = 5*f - u. Let l = 250 - f. Suppose 0 = 2*d + 8 - 0, l = y + 2*d. List the prime factors of y.
2, 3, 19
Let b(n) = 3*n - 48. Let v be b(18). What are the prime factors of (-1208)/v*(-51 + 12)/13?
2, 151
Let a = -1402 + 2318. Suppose 4*m = -56 + a. Suppose m + 241 = 8*v. List the prime factors of v.
3, 19
Let i(s) = 2*s**2 - 18*s - 12. Let g be i(10). Suppose 0 = g*n - 157 - 99. What are the prime factors of n?
2
Let u be -6 + (1 - (-7)/((-21)/9)). Let q(r) = -53*r - 190. What are the prime factors of q(u)?
2, 3, 13
Let w(y) = 7*y**3 - 24*y**2 + 45*y - 70. Let h(k) = -11*k**3 + 36*k**2 - 68*k + 105. Let c(n) = 5*h(n) + 8*w(n). What are the prime factors of c(11)?
2
Suppose 5*j + 3 = -3*u, 4 = j - 2*u - 2*u. Suppose j = 3*p + d - 1186, p - 4*d - 388 = -10. List the prime factors of p.
2, 197
Suppose -4*t + t + 59 = -a, 2*a - t + 128 = 0. Let x = 162 + a. List the prime factors of x.
97
Suppose -11*w + 36078 = -4*w. Suppose 8*q - w = 190. What are the prime factors of q?
2, 167
Suppose 7559 = -64*j + 63*j + 27109. What are the prime factors of j?
2, 5, 17, 23
Suppose 17 = -4*o + 53. Suppose 3*q - 37 = -b, -q - 4*b = -25 + 31. Suppose q*l = o*l + 465. List the prime factors of l.
3, 31
Let a(s) = -2*s**3 + 17*s**2 + 24*s - 32. Let h(g) = -g**3 + 17*g**2 + 24*g - 31. Let l(c) = -2*a(c) + 3*h(c). What are the prime factors of l(-11)?
433
What are the prime factors of (5*2/50)/(-1)*-73145?
14629
Let n(c) = -4*c - 46. Let x be n(-12). Let g(u) = -8*u**3 - 5*u**3 + 19*u**3 - 3*u - 5*u**3 - 5*u**x - 3. What are the prime factors of g(8)?
3, 5, 11
List the prime factors of 864315/72 + -3*(-10)/(-80).
2, 3001
Let b = 333 - 343. Let g(w) = -19*w - 47. List the prime factors of g(b).
11, 13
What are the prime factors of 5485 + 120/(-6 + -6)?
3, 5, 73
Suppose -180 = -p + 5*p. List the prime factors of 30/p + (-3)/((-9)/326).
2, 3
Suppose -17*o + 29608 + 79500 = 17206. What are the prime factors of o?
2, 3, 17, 53
Let j = -11756 - -15228. What are the prime factors of j?
2, 7, 31
Let g be 3/(-5) - 7674/10. Let u = g + 3251. What are the prime factors of 1/2 + u/26?
2, 3
Let h be (24/16)/((-3)/10). Let c be ((-2)/(-2) - 1)/(h + 3). Suppose c = -9*n + 7*n + 432. What are the prime factors of n?
2, 3
Suppose 522 = -7*v + 32. What are the prime factors of v*(-2*1 - 48/32)?
5, 7
Suppose 24*z = 19*z + 15. Suppose 0 = -5*r - z*b + 4035, -2*b - 14 + 4 = 0. List the prime factors of r.
2, 3, 5
Suppose k - 23*q = -22*q + 12884, -3*q - 51530 = -4*k. What are the prime factors of k?
2, 47, 137
Suppose -189*g + 1580438 + 757303 = 0. List the prime factors of g.
3, 7, 19, 31
Let k = 143 - 141. Suppose g = -k*g + 951. What are the prime factors of g?
317
Let f(d) = 8*d**3 - 105*d**2 + 3*d - 10. What are the prime factors of f(15)?
2, 5, 11, 31
Suppose 70*m + 272*m = 71*m + 7164427. List the prime factors of m.
26437
Let g(o) = o**3 - 14*o**2 - 12*o - 19. Let v be g(15). What are the prime factors of (-4)/v + (-133470)/(-585)?
2, 3, 19
Let r(p) = 2*p + 15. Let g be r(-4). Suppose 2*d + 3*v = 409, -g*v + 6*v = -4*d + 783. Suppose -h + d = u, h - 4*u - 299 = -102. List the prime factors of h.
197
Suppose 2*v + 7 = -3*a, v - 3*v + 33 = -5*a. Suppose -v*u = 3*n - 2571, 2*u + 7*n = 8*n + 1283. List the prime factors of u.
2, 3, 107
Suppose -28*r - 55*r + 344533 = 0. What are the prime factors of r?
7, 593
Suppose -5*h = -115401 - 100839. List the prime factors of h.
2, 3, 17, 53
Let w be (115/(-15) - -4)*-3. Let u = 53 + w. What are the prime factors of u?
2
Let i = 8 + -5. Suppose -32 + 326 = i*x. What are the prime factors of x?
2, 7
Let p(o) = -o - 1. Let m be p(5). Let j = 116 + -63. Let i = j + m. What are the prime factors of i?
47
Let q(b) = 62*b - 378. Let o be q(6). List the prime factors of (3309/9)/((-2)/o).
1103
Let f = -1 - 2. Let q(l) = -68*l + 1. Let r(u) = 197*u - 2. Let p(j) = -11*q(j) - 4*r(j). What are the prime factors of p(f)?
3, 13
Suppose q + 6 - 14 = -4*u, 12 = 3*q. What are the prime factors of (-2*u + 99)/((-22)/(-132))?
2, 3, 97
Let u(c) = -7*c**2 - 17*c - 29. Let v be u(-2). Let r = v + 390. What are the prime factors of r?
367
Let s = 6 - 3. Suppose 3*q = 5*m - 738 - 1501, 3*m + s*q = 1353. What are the prime factors of m?
449
Let z(i) = 870*i**2 + 3*i + 8. Let j be z(3). Suppose 4*r = -5*q + 7853, -j = -5*q - 0*r - r. What are the prime factors of q?
3, 523
Suppose 4*a - 20280 - 5952 = -3*m, 0 = m + 2*a - 8748. What are the prime factors of m?
2, 3, 7, 13
Suppose 70*i - 65*i = -575. Let s = i + 353. What are the prime factors of s?
2, 7, 17
Suppose -4*c - 3